
{"version":"1.0","provider_name":"SOCAN","provider_url":"https:\/\/www.socan.com\/fr","title":"LA SOCAN EST EN DEUIL - SOCAN","type":"rich","width":600,"height":338,"html":"<blockquote class=\"wp-embedded-content\" data-secret=\"EU8yrg0xAj\"><a href=\"https:\/\/www.socan.com\/fr\/socan-mourns-the-passing-of-leonard-cohen\/\">LA SOCAN EST EN DEUIL<\/a><\/blockquote><iframe sandbox=\"allow-scripts\" security=\"restricted\" src=\"https:\/\/www.socan.com\/fr\/socan-mourns-the-passing-of-leonard-cohen\/embed\/#?secret=EU8yrg0xAj\" width=\"600\" height=\"338\" title=\"\u00ab\u00a0LA SOCAN EST EN DEUIL\u00a0\u00bb &#8212; SOCAN\" data-secret=\"EU8yrg0xAj\" frameborder=\"0\" marginwidth=\"0\" marginheight=\"0\" scrolling=\"no\" class=\"wp-embedded-content\"><\/iframe><script type=\"text\/javascript\">\n\/* <![CDATA[ *\/\n\/*! This file is auto-generated *\/\n!function(d,l){\"use strict\";l.querySelector&&d.addEventListener&&\"undefined\"!=typeof URL&&(d.wp=d.wp||{},d.wp.receiveEmbedMessage||(d.wp.receiveEmbedMessage=function(e){var t=e.data;if((t||t.secret||t.message||t.value)&&!\/[^a-zA-Z0-9]\/.test(t.secret)){for(var s,r,n,a=l.querySelectorAll('iframe[data-secret=\"'+t.secret+'\"]'),o=l.querySelectorAll('blockquote[data-secret=\"'+t.secret+'\"]'),c=new RegExp(\"^https?:$\",\"i\"),i=0;i<o.length;i++)o[i].style.display=\"none\";for(i=0;i<a.length;i++)s=a[i],e.source===s.contentWindow&&(s.removeAttribute(\"style\"),\"height\"===t.message?(1e3<(r=parseInt(t.value,10))?r=1e3:~~r<200&&(r=200),s.height=r):\"link\"===t.message&&(r=new URL(s.getAttribute(\"src\")),n=new URL(t.value),c.test(n.protocol))&&n.host===r.host&&l.activeElement===s&&(d.top.location.href=t.value))}},d.addEventListener(\"message\",d.wp.receiveEmbedMessage,!1),l.addEventListener(\"DOMContentLoaded\",function(){for(var e,t,s=l.querySelectorAll(\"iframe.wp-embedded-content\"),r=0;r<s.length;r++)(t=(e=s[r]).getAttribute(\"data-secret\"))||(t=Math.random().toString(36).substring(2,12),e.src+=\"#?secret=\"+t,e.setAttribute(\"data-secret\",t)),e.contentWindow.postMessage({message:\"ready\",secret:t},\"*\")},!1)))}(window,document);\n\/\/# sourceURL=https:\/\/www.socan.com\/wp-includes\/js\/wp-embed.min.js\n\/* ]]> *\/\n<\/script>\n","description":"Voir la liste compl\u00e8te des gagnants Montr\u00e9al \u2013 Le 27e\u00a0Gala de la SOCAN de Montr\u00e9al avait lieu ce soir au l\u00e9gendaire M\u00e9tropolis, o\u00f9 des invit\u00e9s de marque de l\u2019\u00e9cosyst\u00e8me musical \u00e9taient r\u00e9unis pour rendre hommage aux carri\u00e8res et aux r\u00e9ussites des auteurs, compositeurs et \u00e9diteurs de musique francophones. Le PRIX EMPREINTE CULTURELLE a \u00e9t\u00e9 remis [&hellip;]"}

Voir la liste complète des gagnants Montréal – Le 27e Gala de la SOCAN de Montréal avait lieu ce soir au légendaire Métropolis, où des invités de marque de l’écosystème musical étaient réunis pour rendre hommage aux carrières et aux réussites des auteurs, compositeurs et éditeurs de musique francophones. Le PRIX EMPREINTE CULTURELLE a été remis [&hellip;]
