
{"version":"1.0","provider_name":"SOCAN","provider_url":"https:\/\/www.socan.com\/fr","title":"La SOCAN et le Festival d\u2019\u00e9t\u00e9 international de Qu\u00e9bec concluent une entente sur les droits de licence - SOCAN","type":"rich","width":600,"height":338,"html":"<blockquote class=\"wp-embedded-content\" data-secret=\"Ce2lFVl3N7\"><a href=\"https:\/\/www.socan.com\/fr\/socan-and-festival-dete-international-de-quebec\/\">La SOCAN et le Festival d\u2019\u00e9t\u00e9 international de Qu\u00e9bec concluent une entente sur les droits de licence<\/a><\/blockquote><iframe sandbox=\"allow-scripts\" security=\"restricted\" src=\"https:\/\/www.socan.com\/fr\/socan-and-festival-dete-international-de-quebec\/embed\/#?secret=Ce2lFVl3N7\" width=\"600\" height=\"338\" title=\"\u00ab\u00a0La SOCAN et le Festival d\u2019\u00e9t\u00e9 international de Qu\u00e9bec concluent une entente sur les droits de licence\u00a0\u00bb &#8212; SOCAN\" data-secret=\"Ce2lFVl3N7\" frameborder=\"0\" marginwidth=\"0\" marginheight=\"0\" scrolling=\"no\" class=\"wp-embedded-content\"><\/iframe><script type=\"text\/javascript\">\n\/* <![CDATA[ *\/\n\/*! This file is auto-generated *\/\n!function(d,l){\"use strict\";l.querySelector&&d.addEventListener&&\"undefined\"!=typeof URL&&(d.wp=d.wp||{},d.wp.receiveEmbedMessage||(d.wp.receiveEmbedMessage=function(e){var t=e.data;if((t||t.secret||t.message||t.value)&&!\/[^a-zA-Z0-9]\/.test(t.secret)){for(var s,r,n,a=l.querySelectorAll('iframe[data-secret=\"'+t.secret+'\"]'),o=l.querySelectorAll('blockquote[data-secret=\"'+t.secret+'\"]'),c=new RegExp(\"^https?:$\",\"i\"),i=0;i<o.length;i++)o[i].style.display=\"none\";for(i=0;i<a.length;i++)s=a[i],e.source===s.contentWindow&&(s.removeAttribute(\"style\"),\"height\"===t.message?(1e3<(r=parseInt(t.value,10))?r=1e3:~~r<200&&(r=200),s.height=r):\"link\"===t.message&&(r=new URL(s.getAttribute(\"src\")),n=new URL(t.value),c.test(n.protocol))&&n.host===r.host&&l.activeElement===s&&(d.top.location.href=t.value))}},d.addEventListener(\"message\",d.wp.receiveEmbedMessage,!1),l.addEventListener(\"DOMContentLoaded\",function(){for(var e,t,s=l.querySelectorAll(\"iframe.wp-embedded-content\"),r=0;r<s.length;r++)(t=(e=s[r]).getAttribute(\"data-secret\"))||(t=Math.random().toString(36).substring(2,12),e.src+=\"#?secret=\"+t,e.setAttribute(\"data-secret\",t)),e.contentWindow.postMessage({message:\"ready\",secret:t},\"*\")},!1)))}(window,document);\n\/\/# sourceURL=https:\/\/www.socan.com\/wp-includes\/js\/wp-embed.min.js\n\/* ]]> *\/\n<\/script>\n","description":"Toronto et Qu\u00e9bec, le 12 janvier 2026 \u2014 La SOCAN et le Festival d\u2019\u00e9t\u00e9 international de Qu\u00e9bec (FEIQ) sont heureux d\u2019annoncer qu\u2019ils ont conclu une entente mettant fin au diff\u00e9rend qui les opposait concernant les droits de licence pour les ann\u00e9es 2022 \u00e0 2025. Par cons\u00e9quent, la SOCAN a mis fin aux proc\u00e9dures judiciaires contre [&hellip;]"}

La SOCAN et le Festival d’été international de Québec concluent une entente sur les droits de licence - SOCAN

<blockquote class="wp-embedded-content" data-secret="Ce2lFVl3N7"><a href="https://www.socan.com/fr/socan-and-festival-dete-international-de-quebec/">La SOCAN et le Festival d’été international de Québec concluent une entente sur les droits de licence</a></blockquote><iframe sandbox="allow-scripts" security="restricted" src="https://www.socan.com/fr/socan-and-festival-dete-international-de-quebec/embed/#?secret=Ce2lFVl3N7" width="600" height="338" title="« La SOCAN et le Festival d’été international de Québec concluent une entente sur les droits de licence » &#8212; SOCAN" data-secret="Ce2lFVl3N7" frameborder="0" marginwidth="0" marginheight="0" scrolling="no" class="wp-embedded-content"></iframe><script type="text/javascript">
/* <![CDATA[ */
/*! This file is auto-generated */
!function(d,l){"use strict";l.querySelector&&d.addEventListener&&"undefined"!=typeof URL&&(d.wp=d.wp||{},d.wp.receiveEmbedMessage||(d.wp.receiveEmbedMessage=function(e){var t=e.data;if((t||t.secret||t.message||t.value)&&!/[^a-zA-Z0-9]/.test(t.secret)){for(var s,r,n,a=l.querySelectorAll('iframe[data-secret="'+t.secret+'"]'),o=l.querySelectorAll('blockquote[data-secret="'+t.secret+'"]'),c=new RegExp("^https?:$","i"),i=0;i<o.length;i++)o[i].style.display="none";for(i=0;i<a.length;i++)s=a[i],e.source===s.contentWindow&&(s.removeAttribute("style"),"height"===t.message?(1e3<(r=parseInt(t.value,10))?r=1e3:~~r<200&&(r=200),s.height=r):"link"===t.message&&(r=new URL(s.getAttribute("src")),n=new URL(t.value),c.test(n.protocol))&&n.host===r.host&&l.activeElement===s&&(d.top.location.href=t.value))}},d.addEventListener("message",d.wp.receiveEmbedMessage,!1),l.addEventListener("DOMContentLoaded",function(){for(var e,t,s=l.querySelectorAll("iframe.wp-embedded-content"),r=0;r<s.length;r++)(t=(e=s[r]).getAttribute("data-secret"))||(t=Math.random().toString(36).substring(2,12),e.src+="#?secret="+t,e.setAttribute("data-secret",t)),e.contentWindow.postMessage({message:"ready",secret:t},"*")},!1)))}(window,document);
//# sourceURL=https://www.socan.com/wp-includes/js/wp-embed.min.js
/* ]]> */
</script>

Toronto et Québec, le 12 janvier 2026 — La SOCAN et le Festival d’été international de Québec (FEIQ) sont heureux d’annoncer qu’ils ont conclu une entente mettant fin au différend qui les opposait concernant les droits de licence pour les années 2022 à 2025. Par conséquent, la SOCAN a mis fin aux procédures judiciaires contre [&hellip;]
